nder when 4550 is divided by 1805?
940
What is the remainder when 17168722 is divided by 725?
722
What is the remainder when 4031 is divided by 21?
20
Calculate the remainder when 26961 is divided by 2984.
105
Calculate the remainder when 24189 is divided by 205.
204
What is the remainder when 23491 is divided by 2933?
27
Calculate the remainder when 12275 is divided by 1534.
3
Calculate the remainder when 7161 is divided by 3495.
171
What is the remainder when 5485 is divided by 320?
45
Calculate the remainder when 3023 is divided by 1504.
15
What is the remainder when 3492 is divided by 81?
9
What is the remainder when 132799 is divided by 25?
24
Calculate the remainder when 10559 is divided by 301.
24
What is the remainder when 128654 is divided by 25?
4
What is the remainder when 111897 is divided by 20?
17
What is the remainder when 91094 is divided by 241?
237
Calculate the remainder when 329958 is divided by 1460.
1458
What is the remainder when 6370 is divided by 6310?
60
What is the remainder when 27499 is divided by 55?
54
Calculate the remainder when 6264 is divided by 112.
104
Calculate the remainder when 89363 is divided by 14.
1
Calculate the remainder when 1577795 is divided by 13.
11
Calculate the remainder when 3150 is divided by 263.
257
Calculate the remainder when 1058979 is divided by 2765.
2749
What is the remainder when 640 is divided by 316?
8
What is the remainder when 41404 is divided by 101?
95
Calculate the remainder when 90738 is divided by 50.
38
Calculate the remainder when 52995 is divided by 363.
360
What is the remainder when 96994 is divided by 10777?
1
What is the remainder when 1988 is divided by 1488?
500
What is the remainder when 13734 is divided by 444?
414
What is the remainder when 158683 is divided by 16?
11
Calculate the remainder when 45266 is divided by 1509.
1505
Calculate the remainder when 20706 is divided by 898.
52
Calculate the remainder when 823526 is divided by 71.
68
Calculate the remainder when 2229518 is divided by 29.
27
Calculate the remainder when 6942 is divided by 6915.
27
What is the remainder when 34420 is divided by 25?
20
What is the remainder when 35909 is divided by 48?
5
Calculate the remainder when 94899 is divided by 325.
324
What is the remainder when 47589 is divided by 1286?
7
What is the remainder when 1600 is divided by 350?
200
What is the remainder when 5652 is divided by 958?
862
What is the remainder when 100035 is divided by 305?
300
What is the remainder when 90532 is divided by 2157?
2095
Calculate the remainder when 4700 is divided by 54.
2
Calculate the remainder when 1045779 is divided by 519.
513
Calculate the remainder when 10018 is divided by 257.
252
What is the remainder when 682054 is divided by 24?
22
Calculate the remainder when 2300089 is divided by 169.
168
What is the remainder when 645 is divided by 222?
201
What is the remainder when 195688 is divided by 1494?
1468
Calculate the remainder when 279 is divided by 276.
3
What is the remainder when 35957 is divided by 232?
229
Calculate the remainder when 212539 is divided by 864.
859
Calculate the remainder when 82401 is divided by 79.
4
Calculate the remainder when 12631 is divided by 136.
119
What is the remainder when 123760 is divided by 24749?
15
What is the remainder when 2821 is divided by 2710?
111
What is the remainder when 353 is divided by 169?
15
Calculate the remainder when 15644 is divided by 106.
62
What is the remainder when 2920 is divided by 498?
430
Calculate the remainder when 286610 is divided by 413.
401
Calculate the remainder when 10136 is divided by 32.
24
Calculate the remainder when 22189 is divided by 332.
277
What is the remainder when 419231 is divided by 483?
470
What is the remainder when 22361 is divided by 104?
1
What is the remainder when 16538 is divided by 2361?
11
What is the remainder when 7536 is divided by 55?
1
What is the remainder when 1794 is divided by 125?
44
What is the remainder when 478026 is divided by 309?
3
What is the remainder when 5523 is divided by 17?
15
Calculate the remainder when 2934 is divided by 20.
14
Calculate the remainder when 11403 is divided by 3787.
42
What is the remainder when 46620 is divided by 1229?
1147
Calculate the remainder when 7460 is divided by 7433.
27
Calculate the remainder when 14579 is divided by 90.
89
What is the remainder when 899965 is divided by 97?
96
What is the remainder when 1270 is divided by 396?
82
Calculate the remainder when 9251 is divided by 217.
137
What is the remainder when 12470 is divided by 1559?
1557
What is the remainder when 880 is divided by 30?
10
Calculate the remainder when 13416 is divided by 2678.
26
What is the remainder when 3289 is divided by 1594?
101
Calculate the remainder when 11329 is divided by 347.
225
Calculate the remainder when 10818 is divided by 79.
74
What is the remainder when 178217 is divided by 67?
64
What is the remainder when 581061 is divided by 744?
741
Calculate the remainder when 99209 is divided by 318.
311
Calculate the remainder when 77810 is divided by 11115.
5
Calculate the remainder when 150720 is divided by 2791.
6
Calculate the remainder when 25916 is divided by 108.
104
Calculate the remainder when 7730 is divided by 551.
16
Calculate the remainder when 165372 is divided by 1323.
1320
What is the remainder when 9539 is divided by 182?
75
What is the remainder when 13739 is divided by 6842?
55
Calculate the remainder when 48982 is divided by 33.
10
Calculate the remainder when 1504 is divided by 1463.
41
What is the remainder when 46477 is divided by 11612?
29
Calculate the remainder when 5400 is divided by 265.
100
Calculate the remainder when 2767 is divided by 81.
13
What is the remainder when 93174 is divided by 27?
24
What is the remainder when 5150 is divided by 72?
38
What is the remainder when 1551 is divided by 689?
173
Calculate the remainder when 1231117 is divided by 8.
5
What is the remainder when 118418 is divided by 310?
308
What is the remainder when 6204 is divided by 46?
40
Calculate the remainder when 20801 is divided by 911.
759
What is the remainder when 482 is divided by 355?
127
Calculate the remainder when 6085 is divided by 122.
107
What is the remainder when 1705047 is divided by 450?
447
Calculate the remainder when 18413 is divided by 62.
61
Calculate the remainder when 22207 is divided by 151.
10
Calculate the remainder when 8656 is divided by 44.
32
Calculate the remainder when 2291 is divided by 168.
107
Calculate the remainder when 58412 is divided by 2163.
11
Calculate the remainder when 2467 is divided by 465.
142
Calculate the remainder when 1940 is divided by 548.
296
What is the remainder when 18091 is divided by 62?
49
Calculate the remainder when 32756 is divided by 130.
126
What is the remainder when 18747 is divided by 9157?
433
What is the remainder when 3337 is divided by 831?
13
What is the remainder when 22695 is divided by 600?
495
Calculate the remainder when 1076 is divided by 322.
110
Calculate the remainder when 1643 is divided by 111.
89
Calculate the remainder when 17798 is divided by 1617.
11
What is the remainder when 2827 is divided by 927?
46
Calculate the remainder when 4213 is divided by 84.
13
Calculate the remainder when 47615 is divided by 15869.
8
What is the remainder when 1316234 is divided by 705?
704
What is the remainder when 46622 is divided by 60?
2
What is the remainder when 24769 is divided by 22?
19
Calculate the remainder when 376985 is divided by 83.
82
What is the remainder when 34460 is divided by 241?
238
What is the remainder when 31034 is divided by 305?
229
What is the remainder when 101358 is divided by 140?
138
What is the remainder when 1117194 is divided by 85938?
0
Calculate the remainder when 121692 is divided by 2340.
12
What is the remainder when 240404 is divided by 182?
164
What is the remainder when 25531 is divided by 167?
147
What is the remainder when 82453 is divided by 69?
67
What is the remainder when 1162 is divided by 316?
214
Calculate the remainder when 8527 is divided by 1991.
563
What is the remainder when 128017 is divided by 569?
561
Calculate the remainder when 1962 is divided by 363.
147
What is the remainder when 17858 is divided by 15?
